7.
74
Calculate the remainder when 2843 is divided by 77.
71
What is the remainder when 387 is divided by 5?
2
What is the remainder when 542 is divided by 91?
87
What is the remainder when 497 is divided by 25?
22
Calculate the remainder when 2023 is divided by 57.
28
What is the remainder when 44 is divided by 12?
8
Calculate the remainder when 127 is divided by 20.
7
What is the remainder when 1027 is divided by 49?
47
Calculate the remainder when 873 is divided by 176.
169
Calculate the remainder when 135 is divided by 14.
9
Calculate the remainder when 251 is divided by 36.
35
What is the remainder when 101 is divided by 11?
2
What is the remainder when 4833 is divided by 57?
45
Calculate the remainder when 174 is divided by 23.
13
Calculate the remainder when 2298 is divided by 121.
120
What is the remainder when 3715 is divided by 13?
10
Calculate the remainder when 8817 is divided by 42.
39
Calculate the remainder when 20858 is divided by 171.
167
What is the remainder when 3944 is divided by 42?
38
What is the remainder when 556 is divided by 93?
91
What is the remainder when 112 is divided by 23?
20
Calculate the remainder when 423 is divided by 24.
15
Calculate the remainder when 2123 is divided by 125.
123
What is the remainder when 202 is divided by 17?
15
What is the remainder when 1098 is divided by 22?
20
Calculate the remainder when 304 is divided by 22.
18
Calculate the remainder when 2809 is divided by 25.
9
What is the remainder when 3489 is divided by 83?
3
Calculate the remainder when 267 is divided by 30.
27
Calculate the remainder when 3639 is divided by 28.
27
Calculate the remainder when 67 is divided by 31.
5
What is the remainder when 2479 is divided by 226?
219
Calculate the remainder when 365 is divided by 202.
163
Calculate the remainder when 28 is divided by 11.
6
Calculate the remainder when 37 is divided by 36.
1
Calculate the remainder when 151 is divided by 30.
1
Calculate the remainder when 15410 is divided by 33.
32
Calculate the remainder when 418 is divided by 42.
40
Calculate the remainder when 1138 is divided by 60.
58
Calculate the remainder when 1148 is divided by 46.
44
What is the remainder when 205 is divided by 82?
41
Calculate the remainder when 321 is divided by 108.
105
Calculate the remainder when 388 is divided by 191.
6
What is the remainder when 1265 is divided by 139?
14
What is the remainder when 397 is divided by 143?
111
Calculate the remainder when 1949 is divided by 5.
4
Calculate the remainder when 1101 is divided by 48.
45
Calculate the remainder when 2229 is divided by 18.
15
Calculate the remainder when 37366 is divided by 216.
214
Calculate the remainder when 244 is divided by 83.
78
Calculate the remainder when 1399 is divided by 26.
21
Calculate the remainder when 1052 is divided by 175.
2
Calculate the remainder when 740 is divided by 185.
0
Calculate the remainder when 923 is divided by 324.
275
Calculate the remainder when 214 is divided by 71.
1
Calculate the remainder when 138 is divided by 24.
18
Calculate the remainder when 859 is divided by 32.
27
What is the remainder when 116 is divided by 45?
26
What is the remainder when 117 is divided by 24?
21
Calculate the remainder when 18 is divided by 16.
2
Calculate the remainder when 1624 is divided by 26.
12
What is the remainder when 895 is divided by 267?
94
What is the remainder when 60 is divided by 33?
27
Calculate the remainder when 5728 is divided by 443.
412
What is the remainder when 134 is divided by 43?
5
Calculate the remainder when 92 is divided by 48.
44
Calculate the remainder when 191 is divided by 75.
41
Calculate the remainder when 34 is divided by 29.
5
Calculate the remainder when 281 is divided by 71.
68
What is the remainder when 482 is divided by 121?
119
Calculate the remainder when 2417 is divided by 41.
39
Calculate the remainder when 757 is divided by 708.
49
What is the remainder when 3768 is divided by 145?
143
What is the remainder when 75 is divided by 17?
7
Calculate the remainder when 401 is divided by 213.
188
What is the remainder when 507 is divided by 102?
99
Calculate the remainder when 198 is divided by 64.
6
What is the remainder when 121978 is divided by 547?
544
Calculate the remainder when 490 is divided by 41.
39
What is the remainder when 285 is divided by 27?
15
Calculate the remainder when 345 is divided by 120.
105
What is the remainder when 53 is divided by 10?
3
What is the remainder when 1608 is divided by 29?
13
What is the remainder when 289 is divided by 97?
95
What is the remainder when 5017 is divided by 21?
19
What is the remainder when 268 is divided by 131?
6
Calculate the remainder when 613 is divided by 300.
13
What is the remainder when 92 is divided by 23?
0
What is the remainder when 71 is divided by 44?
27
What is the remainder when 865 is divided by 67?
61
Calculate the remainder when 631 is divided by 306.
19
Calculate the remainder when 69 is divided by 8.
5
What is the remainder when 11475 is divided by 23?
21
What is the remainder when 780 is divided by 29?
26
What is the remainder when 773 is divided by 97?
94
Calculate the remainder when 72 is divided by 30.
12
What is the remainder when 867 is divided by 14?
13
What is the remainder when 634 is divided by 10?
4
Calculate the remainder when 402 is divided by 139.
124
What is the remainder when 22 is divided by 13?
9
Calculate the remainder when 191 is divided by 64.
63
What is the remainder when 248 is divided by 220?
28
Calculate the remainder when 880 is divided by 173.
15
What is the remainder when 239 is divided by 40?
39
Calculate the remainder when 382 is divided by 13.
5
What is the remainder when 511 is divided by 65?
56
Calculate the remainder when 506 is divided by 16.
10
What is the remainder when 660 is divided by 72?
12
What is the remainder when 588 is divided by 288?
12
What is the remainder when 341 is divided by 30?
11
Calculate the remainder when 170 is divided by 63.
44
Calculate the remainder when 981 is divided by 90.
81
Calculate the remainder when 2008 is divided by 46.
30
What is the remainder when 545 is divided by 109?
0
What is the remainder when 1099 is divided by 17?
11
Calculate the remainder when 692 is divided by 21.
20
What is the remainder when 15 is divided by 8?
7
Calculate the remainder when 114 is divided by 20.
14
What is the remainder when 7992 is divided by 160?
152
Calculate the remainder when 163 is divided by 24.
19
Calculate the remainder when 219 is divided by 73.
0
What is the remainder when 553 is divided by 17?
9
Calculate the remainder when 3253 is divided by 298.
273
What is the remainder when 507 is divided by 129?
120
What is the remainder when 466 is divided by 36?
34
Calculate the remainder when 298 is divided by 10.
8
Calculate the remainder when 834 is divided by 24.
18
What is the remainder when 1441 is divided by 360?
1
Calculate the remainder when 124 is divided by 29.
8
Calculate the remainder when 31621 is divided by 23.
19
What is the remainder when 201 is divided by 9?
3
Calculate the remainder when 1944 is divided by 19.
6
What is the remainder when 20053 is divided by 74?
73
What is the remainder when 302 is divided by 3?
2
Calculate the remainder when 179 is divided by 30.
29
Calculate the remainder when 333 is divided by 104.
21
What is the remainder when 2920 is divided by 133?
127
What is the remainder when 436 is divided by 12?
4
Calculate the remainder when 1569 is divided by 35.
29
What is the remainder when 615 is divided by 68?
3
Calculate the remainder when 47 is divided by 40.
7
What is the remainder when 29 is divided by 1?
0
What is the remainder when 382 is divided by 35?
32
What is the remainder when 573 is divided by 17?
12
Calculate the remainder when 8 is divided by 5.
3
What is the remainder when 828 is divided by 64?
60
Calculate the remainder when 285 is divided by 96.
93
Calculate the remainder when 459 is divided by 20.
19
What is the remainder when 250 is divided by 54?
34
What is the remainder when 7703 is divided by 67?
65
What is the remainder when 3819 is divided by 42?
39
Calculate the remainder when 1969 is divided by 9.
7
What is the remainder when 61 is divided by 11?
6
Calculate the remainder when 12